 of 119 and 4760?
119
Calculate the greatest common factor of 325 and 260.
65
Calculate the highest common factor of 171 and 3648.
57
Calculate the greatest common divisor of 6892 and 8.
4
What is the greatest common factor of 87 and 87?
87
What is the highest common factor of 815 and 10?
5
Calculate the greatest common divisor of 36 and 747.
9
What is the greatest common divisor of 3784 and 1320?
88
What is the highest common factor of 24 and 696?
24
What is the highest common divisor of 231 and 791?
7
What is the highest common divisor of 8415 and 374?
187
What is the greatest common divisor of 62 and 4216?
62
What is the highest common factor of 45 and 435?
15
What is the greatest common divisor of 385 and 14?
7
What is the highest common factor of 8 and 8?
8
Calculate the greatest common divisor of 71 and 923.
71
What is the highest common factor of 71775 and 87?
87
Calculate the highest common divisor of 939 and 12.
3
Calculate the highest common divisor of 14 and 6.
2
Calculate the greatest common factor of 682 and 11.
11
What is the greatest common divisor of 224 and 2212?
28
What is the greatest common factor of 48 and 1896?
24
What is the greatest common divisor of 7244 and 4?
4
What is the greatest common factor of 3091 and 33?
11
Calculate the highest common divisor of 52 and 2626.
26
What is the greatest common divisor of 8 and 412?
4
Calculate the greatest common factor of 70 and 42.
14
Calculate the highest common factor of 35 and 145.
5
Calculate the highest common divisor of 1247 and 172.
43
Calculate the greatest common factor of 102 and 1887.
51
Calculate the greatest common factor of 4848 and 909.
303
What is the greatest common factor of 16 and 4?
4
What is the highest common factor of 23990 and 10?
10
What is the highest common factor of 672 and 1504?
32
Calculate the highest common factor of 36050 and 20.
10
Calculate the highest common divisor of 20 and 75380.
20
What is the highest common factor of 153 and 17?
17
What is the highest common factor of 18 and 8334?
18
Calculate the greatest common factor of 1326 and 364.
26
Calculate the highest common divisor of 14 and 6.
2
What is the greatest common factor of 7104 and 16?
16
What is the highest common factor of 270 and 1530?
90
Calculate the highest common divisor of 15264 and 288.
288
Calculate the highest common factor of 54 and 90.
18
Calculate the greatest common factor of 309 and 9.
3
What is the highest common divisor of 6484 and 16?
4
Calculate the greatest common divisor of 10579 and 71.
71
What is the highest common factor of 3003 and 182?
91
What is the greatest common divisor of 996 and 444?
12
Calculate the highest common divisor of 253 and 11.
11
What is the greatest common factor of 50 and 240?
10
What is the greatest common factor of 9 and 960?
3
What is the highest common divisor of 3535 and 595?
35
What is the highest common divisor of 171 and 437?
19
Calculate the greatest common divisor of 18 and 24.
6
Calculate the greatest common divisor of 25 and 11675.
25
What is the highest common factor of 50136 and 72?
24
What is the greatest common factor of 1344 and 128?
64
Calculate the greatest common divisor of 22378 and 167.
167
Calculate the greatest common divisor of 14 and 378.
14
What is the highest common divisor of 262 and 917?
131
Calculate the greatest common divisor of 154 and 490.
14
What is the highest common divisor of 29 and 10904?
29
Calculate the highest common factor of 19 and 323.
19
What is the greatest common factor of 2 and 2464?
2
Calculate the highest common factor of 4 and 133.
1
What is the greatest common divisor of 3 and 291?
3
What is the highest common factor of 4672 and 192?
64
Calculate the highest common factor of 4 and 118.
2
What is the greatest common divisor of 123702 and 318?
318
Calculate the highest common factor of 30 and 250.
10
What is the greatest common divisor of 34 and 2?
2
What is the highest common divisor of 9 and 20187?
9
Calculate the greatest common factor of 2525 and 25.
25
What is the greatest common divisor of 8 and 372?
4
Calculate the highest common factor of 81 and 108.
27
What is the greatest common divisor of 1144 and 494?
26
Calculate the highest common divisor of 24 and 96.
24
What is the highest common factor of 150 and 700?
50
What is the greatest common divisor of 580 and 2668?
116
Calculate the greatest common divisor of 420 and 96.
12
Calculate the greatest common divisor of 70 and 3360.
70
Calculate the greatest common factor of 371 and 53.
53
Calculate the greatest common divisor of 108 and 2322.
54
Calculate the greatest common factor of 1067 and 388.
97
What is the greatest common factor of 16 and 40?
8
Calculate the highest common factor of 10 and 60.
10
Calculate the greatest common factor of 261 and 4089.
87
What is the highest common divisor of 32224 and 32?
32
Calculate the highest common factor of 210 and 168.
42
What is the highest common divisor of 25 and 1525?
25
What is the highest common factor of 4 and 271?
1
Calculate the highest common divisor of 159 and 4505.
53
What is the greatest common factor of 3422 and 118?
118
What is the highest common factor of 1924 and 312?
52
What is the highest common factor of 6 and 3702?
6
What is the greatest common divisor of 1083 and 57?
57
Calculate the greatest common factor of 72 and 558.
18
What is the highest common divisor of 39 and 403?
13
What is the highest common factor of 306 and 2538?
18
Calculate the greatest common factor of 95 and 10.
5
What is the highest common divisor of 21 and 15120?
21
Calculate the highest common factor of 68 and 153.
17
What is the greatest common divisor of 30 and 3840?
30
What is the highest common divisor of 8 and 74?
2
Calculate the highest common divisor of 477 and 9.
9
What is the greatest common divisor of 21 and 483?
21
What is the highest common divisor of 824 and 2?
2
What is the highest common factor of 15495 and 15?
15
What is the greatest common factor of 736 and 552?
184
Calculate the greatest common divisor of 2648 and 16.
8
What is the greatest common factor of 1850 and 962?
74
Calculate the highest common divisor of 117 and 13.
13
Calculate the highest common factor of 30 and 10.
10
Calculate the greatest common factor of 7610 and 30.
10
What is the highest common factor of 3 and 123?
3
What is the greatest common factor of 58 and 54?
2
What is the highest common divisor of 4 and 70?
2
Calculate the highest common divisor of 224 and 84.
28
Calculate the greatest common factor of 288 and 18.
18
Calculate the highest common divisor of 256 and 160.
32
What is the greatest common divisor of 31 and 21?
1
What is the greatest common divisor of 26 and 169?
13
Calculate the greatest common divisor of 17447 and 73.
73
What is the greatest common divisor of 15 and 195?
15
Calculate the greatest common divisor of 132 and 1276.
44
What is the greatest common divisor of 42 and 168?
42
What is the greatest common factor of 1649 and 17?
17
What is the highest common divisor of 46 and 3496?
46
What is the highest common divisor of 24 and 168?
24
Calculate the greatest common divisor of 112 and 560.
112
What is the greatest common divisor of 15 and 2820?
15
What is the greatest common divisor of 2480 and 224?
16
What is the highest common divisor of 962 and 26?
26
Calculate the highest common divisor of 180 and 72.
36
Calculate the highest common divisor of 17 and 9.
1
Calculate the greatest common factor of 18 and 150.
6
What is the greatest common factor of 74 and 16798?
74
What is the greatest common divisor of 108 and 30?
6
Calculate the highest common factor of 1219 and 69.
23
Calculate the highest common divisor of 765 and 135.
45
Calculate the greatest common factor of 4 and 28.
4
What is the highest common factor of 66 and 77?
11
Calculate the greatest common divisor of 9451 and 39.
13
Calculate the highest common factor of 495 and 315.
45
What is the greatest common divisor of 882 and 210?
42
What is the highest common divisor of 20 and 56?
4
Calculate the greatest common divisor of 17 and 1836.
17
What is the greatest common factor of 481 and 8140?
37
What is the greatest common divisor of 160 and 180?
20
Calculate the highest common divisor of 7533 and 93.
93
What is the highest commo